13*x - 75. Calculate f(4).
-7
Let w(y) = -y**3 + 42*y**2 - 12*y + 317. Determine w(42).
-187
Let c(s) = -7*s - 13. Calculate c(-9).
50
Let h(d) = 225*d**3 + 4*d**2 - 3*d + 2. Give h(1).
228
Let u(d) = d**2 - 18*d - 5. What is u(18)?
-5
Let n(g) = -10*g**2 - 26*g + 18. What is n(-7)?
-290
Let y(h) = -116*h - 1390. What is y(-12)?
2
Let v(x) = x**3 + 13*x**2 + 7*x + 17. Calculate v(-13).
-74
Let x(m) = 5*m**2 + 247*m - 57. What is x(-49)?
-155
Let s(r) = -r**3 - 112*r**2 - 337*r - 996. What is s(-109)?
94
Let u(z) = 6*z**2 + 29*z - 174. Give u(7).
323
Let o(m) = -14*m + 45. Calculate o(2).
17
Let p(i) = i**2 - 1388*i + 4160. What is p(3)?
5
Let s(j) = -68*j - 915. Give s(-10).
-235
Let y(l) = -l**3 + 19*l**2 + 18*l + 41. Determine y(20).
1
Let i(t) = -1429*t + 21429. Give i(15).
-6
Let x(p) = 2693*p - 10748. Calculate x(4).
24
Let q(p) = -4*p**2 + p + 342. Give q(0).
342
Let m(d) = -11*d + 44. What is m(4)?
0
Let h(m) = -8162*m + 65283. What is h(8)?
-13
Let n(u) = -225*u - 1. Give n(2).
-451
Let p(j) = 2*j**3 - 20*j**2 + 18*j - 2519. Calculate p(15).
1
Let y(d) = -31*d - 74. Determine y(-9).
205
Let b(n) = 2*n**3 + 14*n**2 - 16*n - 10. Give b(-8).
-10
Let b(n) = 86*n - 1982. What is b(23)?
-4
Let c(z) = 149*z - 2275. What is c(15)?
-40
Let z(h) = 3*h**3 + 27*h**2 + 8*h - 3. What is z(-10)?
-383
Let b(s) = 3*s**3 - 473*s**2 - 162*s + 610. Determine b(158).
-22
Let g(p) = -p**2 - 731*p - 128616. What is g(-436)?
4
Let q(v) = v**2 + 113*v - 18855. Determine q(-205).
5
Let a(l) = 1992*l + 21919. Calculate a(-11).
7
Let h(w) = w**2 - 568*w - 4005. Give h(-7).
20
Let w(v) = v**2 - 87*v + 868. What is w(74)?
-94
Let p(j) = 7*j**2 - 204*j + 1439. What is p(17)?
-6
Let z(v) = -653*v + 1225. Determine z(2).
-81
Let c(b) = b**2 - 105*b + 1134. Give c(93).
18
Let u(i) = i**3 - 11*i**2 - 627*i + 10. Give u(-20).
150
Let t(o) = o**2 + 203*o + 2462. Determine t(-190).
-8
Let x(w) = 20*w - 141. Calculate x(6).
-21
Let c(p) = p**3 + 18*p**2 + 175*p + 682. Calculate c(-7).
-4
Let a(f) = -f**3 - 2*f**2 - 351*f - 1395. Determine a(-4).
41
Let h(s) = s**3 - 20*s**2 + 95*s + 53. Calculate h(7).
81
Let o(m) = -74*m - 473. Give o(-7).
45
Let l(o) = 770*o - 24619. Calculate l(32).
21
Let m(i) = i**3 - 41*i**2 - 114*i + 33. Calculate m(43).
-1171
Let z(k) = -k**2 + 28*k - 16. Give z(19).
155
Let t(s) = -17*s + 659. Give t(44).
-89
Let c(x) = -2421*x + 9767. Give c(4).
83
Let g(n) = -n**3 - 43*n**2 + 54*n + 421. Give g(-44).
-19
Let d(k) = 659*k - 662. Determine d(1).
-3
Let j(n) = n**3 - 24*n**2 - 299*n + 71. Calculate j(33).
5
Let i(q) = 4*q**2 - 145*q - 581. Give i(-4).
63
Let z(p) = 54*p**2 + 14*p + 24. Determine z(-2).
212
Let l(t) = -t**3 + 10*t**2 - 15*t - 32. Give l(7).
10
Let b(y) = y**3 - 9*y**2 - 92*y + 806. What is b(8)?
6
Let w(t) = -t**3 + 23*t**2 + 91*t - 126. Determine w(26).
212
Let k(v) = 52*v + 6600. Calculate k(-127).
-4
Let k(o) = -2*o**3 - 82*o**2 - 6*o - 240. Give k(-41).
6
Let m(u) = -36*u + 179. Calculate m(18).
-469
Let z(i) = 61*i + 293. What is z(-5)?
-12
Let x(t) = -t**3 - 2*t**2 + 21*t + 105. Calculate x(-6).
123
Let b(y) = 44*y + 293. Calculate b(-7).
-15
Let w(m) = m**2 + 107*m + 1377. Determine w(-15).
-3
Let c(p) = -115*p + 18. Calculate c(-2).
248
Let j(l) = -l**2 - 29*l - 255. What is j(-17)?
-51
Let w(o) = -o**2 + 29*o - 190. Calculate w(6).
-52
Let h(a) = 113*a - 2925. What is h(26)?
13
Let m(v) = 2*v**3 + 123*v**2 + 57*v - 206. What is m(-61)?
38
Let c(a) = 3*a**2 + 16*a - 19. Determine c(-5).
-24
Let u(g) = 1375*g + 108608. Give u(-79).
-17
Let w(j) = 3*j**2 + 7*j + 10. What is w(-6)?
76
Let z(p) = 3854*p + 30826. Give z(-8).
-6
Let j(m) = -196*m - 74. Give j(-2).
318
Let p(r) = 32*r + 1981. Give p(-56).
189
Let t(p) = p + 68. Determine t(-12).
56
Let x(a) = -3*a**2 - 137*a + 41. Determine x(-46).
-5
Let v(f) = -7*f**3 + 4*f. Give v(2).
-48
Let p(c) = -181*c - 1494. Give p(-9).
135
Let q(o) = -o**3 - 66*o**2 - 466*o - 167. Give q(-58).
-51
Let m(z) = z**2 + 13*z - 10. Calculate m(-6).
-52
Let z(h) = 3*h**2 + 412*h + 22. Determine z(0).
22
Let g(j) = -9*j - 108. Calculate g(-13).
9
Let y(v) = -417*v - 4978. What is y(-12)?
26
Let f(w) = 59*w - 261. Calculate f(4).
-25
Let g(z) = -6*z**2 + 2*z + 70. Determine g(6).
-134
Let y(l) = -111*l - 5996. Give y(-54).
-2
Let i(o) = o**2 - 35*o - 134. Determine i(38).
-20
Let r(h) = h**2 + 30*h - 184. Calculate r(-37).
75
Let f(t) = -t**3 + 21*t**2 - 83*t - 66. Give f(16).
-114
Let a(q) = -11*q + 226. What is a(18)?
28
Let w(n) = -n**3 + 3*n**2 + 22. Give w(7).
-174
Let q(l) = -2*l**3 + 65*l**2 + 43*l - 336. What is q(33)?
-6
Let t(a) = -83*a - 1201. What is t(-15)?
44
Let y(t) = 4*t**2 + 312*t + 5. What is y(-78)?
5
Let i(s) = 10*s**3 + s**2 - 7*s + 11. Give i(2).
81
Let f(u) = u**3 - 11*u**2 + 4*u - 14. Calculate f(11).
30
Let p(f) = 3*f**2 + 19*f - 13. What is p(-8)?
27
Let b(g) = -g**3 - 57*g**2 - 25*g - 1419. What is b(-57)?
6
Let g(l) = 2*l**3 - 22*l**2 - 145*l + 81. Determine g(-5).
6
Let a(j) = j**3 - 23*j**2 - 66*j - 63. What is a(26)?
249
Let o(n) = 3*n**2 + 9*n + 39. Determine o(-10).
249
Let n(j) = 2*j**3 - 70*j**2 - 18*j + 691. Calculate n(35).
61
Let i(y) = -98*y - 519. What is i(-5)?
-29
Let z(y) = -7*y**2 + 716*y + 1961. What is z(105)?
-34
Let n(o) = 34*o**3 - o**2 - 5*o + 5. Calculate n(1).
33
Let t(q) = q**3 + 60*q**2 + 368*q - 149. What is t(-53)?
10
Let d(s) = -2*s**2 + 61*s + 98. Determine d(0).
98
Let c(f) = -5*f**3 - 109*f**2 + 23*f - 62. Give c(-22).
-84
Let r(a) = -27*a - 191. Determine r(-7).
-2
Let w(l) = -l**2 - 44*l - 112. What is w(-41)?
11
Let l(r) = 247*r - 15563. Determine l(63).
-2
Let l(b) = -2*b**3 - 82*b**2 - 2*b - 58. Give l(-41).
24
Let i(u) = 102*u + 437. Calculate i(-4).
29
Let y(h) = -115*h + 12. Determine y(1).
-103
Let w(t) = 22*t**2 + 147*t. What is w(-3)?
-243
Let f(a) = -3765*a + 33886. Give f(9).
1
Let d(m) = -m**2 - 103*m - 2623. Calculate d(-57).
-1
Let m(w) = w**2 + 30*w - 283. Determine m(-40).
117
Let o(j) = 137*j**2 + 1781*j + 1. Calculate o(-13).
1
Let q(x) = -10*x**2 + 82*x - 89. Calculate q(6).
43
Let q(n) = 16*n - 28. Determine q(4).
36
Let l(q) = 32*q**3 - 92*q**2 - 33*q + 52. Determine l(3).
-11
Let h(m) = -28*m + 529. What is h(15)?
109
Let k(s) = -185*s + 48653. What is k(263)?
-2
Let d(n) = -n**2 - 21*n - 123. What is d(-11)?
-13
Let w(q) = -5*q**3 + 179*q**2 + 33*q + 65. What is w(36)?
-43
Let t(x) = -23*x - 130. Calculate t(-5).
-15
Let v(q) = -q**2 - 27*q + 271. Determine v(-35).
-9
Let d(l) = 78*l + 412. Give d(-6).
-56
Let s(g) = 8*g**2 + 214*g - 60. What is s(-27)?
-6
Let z(s) = -4*s**2 - 8*s + 28. Determine z(0).
28
Let o(m) = -8*m**3 - 71*m**2 + 78*m + 624. Calculate o(-9).
3
Let m(h) = 1506*h - 45160. Calculate m(30).
20
Let l(v) = -1926*v + 9634. Determine l(5).
4
Let o(a) = 158*a + 204. Determine o(-2).
-112
Let l(m) = -m**3 - 20*m**2 + 228*m + 161. Determine l(-28).
49
Let a(j) = -j**3 + 44*j**2 + 46*j + 85. Determine a(45).
130
Let r(x) = x**3 - 9*x**2 - 147. Determine r(10).
-47
Let t(k) = -8618*k - 60320. Give t(-7).
6
Let y(q) = -33*q - 496. What is y(-19)?
131
Let u(v) = 2*v**2 - 50*v - 128. What is u(31)?
244
Let q(k) = -570*k - 10310. Calculate q(-18).
-50
Let l(c) = c**3 - 20*c**2 + 53*c + 250. What is l(16)?
74
Let c(s) = -33*s - 87. Calculate c(-9).
210
Let y(g) = g**2 - 16*g - 72. What is y(-4)?
8
Let b(k) = -k**3 - 10*k**2 - 2*k - 154. What is b(-11)?
-11
Let r(w) = 5*w**3 + 70*w**2 - 3*w - 37. Determine r(-14).
5
Let o(h) = -2*h**3 - 22*h**2 - 58*h - 75. Give o(-8).
5
Let l(m) = 43*m - 476. Determine l(13).
83
Let p(f) = f**3 - 50*f**2 - 106*f + 4. What is p(52)?
-100
Let c(s) = -s**3 + 13*s**2 + 16*s - 14. Determine c(13).
194
Let x(u) = -u**3 - 10*u**2 + 158*u + 1578. Give x(-10).
-2
Let z(u) = u**2 + 14*u - 22. Determine z(-15).
-7
Let q(w) = -12*w + 87. What is q(4)?
39
Let h(z) = -z**3 + 21*z**2 - 20*z + 12. Give h(20).
12
Let w(y) = y**2 - 101*y + 797. What is w(8)?
53
Let l(h) = 5*h**2 - 804*h + 803. Determine l(1).
4
Let x(u) = -11*u**2 + 829*u - 4828. What is x(69)?
2
Let t(d) = -3*d**3 + 257*d**2 + 2662*d - 184. Give t(95).
6
Let h(n) = 446*n**2 + 3567*n - 11. Give h(-8).
-3
Let i(c) = 2765*c - 8301. Give i(3).
-6
Let v(y) = 2*y**3 - 75*y**2 + 379*y - 4. Calculate v(6).
2
Let j(i) = -2*i**2 +